{"id":100,"date":"2021-01-04T10:55:32","date_gmt":"2021-01-04T09:55:32","guid":{"rendered":"http:\/\/voss.lunik-marketing.de\/?page_id=100"},"modified":"2021-01-04T10:55:32","modified_gmt":"2021-01-04T09:55:32","slug":"kontakt","status":"publish","type":"page","link":"http:\/\/www.augenoptik-voss-wermelskirchen.de\/?page_id=100","title":{"rendered":"Kontakt"},"content":{"rendered":"\n<p>Wir sind f\u00fcr Sie da:<\/p>\n\n\n\n<p>AUGENOPTIK Vo\u00df<br>Inh.: Daniel Vo\u00df<\/p>\n\n\n\n<p>Eich 18<br>42929 Wermelskirchen<\/p>\n\n\n\n<p>Tel.: 02196 &#8211; 6208<br>Fax: 02196 &#8211; 709764<\/p>\n\n\n\n<p>Mail: info@augenoptik-voss-wermelskirchen.de<br>Web: www.augenoptik-voss-wermelskirchen.de<\/p>\n\n\n\n<p>Meisterwerkstatt seit 1998<\/p>\n\n\n\n<p>Augenoptikermeister&nbsp;&nbsp;&nbsp;|&nbsp;&nbsp;&nbsp;Kontaktlinsenspezialist&nbsp;&nbsp;&nbsp;|&nbsp;&nbsp;&nbsp;Lizenzierter Orthokeratologe<\/p>\n","protected":false},"excerpt":{"rendered":"<p>Wir sind f\u00fcr Sie da: AUGENOPTIK Vo\u00dfInh.: Daniel Vo\u00df Eich 1842929 Wermelskirchen Tel.: 02196 &#8211; 6208Fax: 02196 &#8211; 709764 Mail: info@augenoptik-voss-wermelskirchen.deWeb: www.augenoptik-voss-wermelskirchen.de Meisterwerkstatt seit 1998 Augenoptikermeister&nbsp;&nbsp;&nbsp;|&nbsp;&nbsp;&nbsp;Kontaktlinsenspezialist&nbsp;&nbsp;&nbsp;|&nbsp;&nbsp;&nbsp;Lizenzierter Orthokeratologe<\/p>\n","protected":false},"author":1,"featured_media":0,"parent":0,"menu_order":0,"comment_status":"closed","ping_status":"closed","template":"","meta":[],"_links":{"self":[{"href":"http:\/\/www.augenoptik-voss-wermelskirchen.de\/index.php?rest_route=\/wp\/v2\/pages\/100"}],"collection":[{"href":"http:\/\/www.augenoptik-voss-wermelskirchen.de\/index.php?rest_route=\/wp\/v2\/pages"}],"about":[{"href":"http:\/\/www.augenoptik-voss-wermelskirchen.de\/index.php?rest_route=\/wp\/v2\/types\/page"}],"author":[{"embeddable":true,"href":"http:\/\/www.augenoptik-voss-wermelskirchen.de\/index.php?rest_route=\/wp\/v2\/users\/1"}],"replies":[{"embeddable":true,"href":"http:\/\/www.augenoptik-voss-wermelskirchen.de\/index.php?rest_route=%2Fwp%2Fv2%2Fcomments&post=100"}],"version-history":[{"count":1,"href":"http:\/\/www.augenoptik-voss-wermelskirchen.de\/index.php?rest_route=\/wp\/v2\/pages\/100\/revisions"}],"predecessor-version":[{"id":101,"href":"http:\/\/www.augenoptik-voss-wermelskirchen.de\/index.php?rest_route=\/wp\/v2\/pages\/100\/revisions\/101"}],"wp:attachment":[{"href":"http:\/\/www.augenoptik-voss-wermelskirchen.de\/index.php?rest_route=%2Fwp%2Fv2%2Fmedia&parent=100"}],"curies":[{"name":"wp","href":"https:\/\/api.w.org\/{rel}","templated":true}]}}

<p>Wir sind für Sie da:</p>



<p>AUGENOPTIK Voß<br>Inh.: Daniel Voß</p>



<p>Eich 18<br>42929 Wermelskirchen</p>



<p>Tel.: 02196 &#8211; 6208<br>Fax: 02196 &#8211; 709764</p>



<p>Mail: info@augenoptik-voss-wermelskirchen.de<br>Web: www.augenoptik-voss-wermelskirchen.de</p>



<p>Meisterwerkstatt seit 1998</p>



<p>Augenoptikermeister&nbsp;&nbsp;&nbsp;|&nbsp;&nbsp;&nbsp;Kontaktlinsenspezialist&nbsp;&nbsp;&nbsp;|&nbsp;&nbsp;&nbsp;Lizenzierter Orthokeratologe</p>

<p>Wir sind für Sie da: AUGENOPTIK VoßInh.: Daniel Voß Eich 1842929 Wermelskirchen Tel.: 02196 &#8211; 6208Fax: 02196 &#8211; 709764 Mail: info@augenoptik-voss-wermelskirchen.deWeb: www.augenoptik-voss-wermelskirchen.de Meisterwerkstatt seit 1998 Augenoptikermeister&nbsp;&nbsp;&nbsp;|&nbsp;&nbsp;&nbsp;Kontaktlinsenspezialist&nbsp;&nbsp;&nbsp;|&nbsp;&nbsp;&nbsp;Lizenzierter Orthokeratologe</p>
