{"id":2,"date":"2020-04-03T13:26:48","date_gmt":"2020-04-03T11:26:48","guid":{"rendered":"http:\/\/voss.lunik-marketing.de\/?page_id=2"},"modified":"2021-01-20T14:07:36","modified_gmt":"2021-01-20T13:07:36","slug":"beispiel-seite","status":"publish","type":"page","link":"http:\/\/www.augenoptik-voss-wermelskirchen.de\/","title":{"rendered":"Augenoptik Vo\u00df"},"content":{"rendered":"\n<div class=\"wp-block-media-text alignwide is-stacked-on-mobile\" style=\"grid-template-columns:59% auto\"><figure class=\"wp-block-media-text__media\"><img loading=\"lazy\" width=\"593\" height=\"640\" src=\"http:\/\/voss.lunik-marketing.de\/wp-content\/uploads\/2021\/01\/voss_aussen-e1609757411416.jpeg\" alt=\"\" class=\"wp-image-113 size-full\" srcset=\"http:\/\/www.augenoptik-voss-wermelskirchen.de\/wp-content\/uploads\/2021\/01\/voss_aussen-e1609757411416.jpeg 593w, http:\/\/www.augenoptik-voss-wermelskirchen.de\/wp-content\/uploads\/2021\/01\/voss_aussen-e1609757411416-278x300.jpeg 278w\" sizes=\"(max-width: 593px) 100vw, 593px\" \/><\/figure><div class=\"wp-block-media-text__content\">\n<p class=\"has-large-font-size\">Meisterwerkstatt seit 1998<\/p>\n\n\n\n<p>&#8222;Solange besser m\u00f6glich ist, ist gut nicht gut genug.&#8220;<\/p>\n\n\n\n<p>Getreu diesem Motto arbeiten wir t\u00e4glich daran, Ihnen das Sehen zu erleichtern.<\/p>\n\n\n\n<p>Etwas Allt\u00e4gliches wird erschwert, wenn man sich zus\u00e4tzlich auf das Sehen konzentrieren muss.<\/p>\n\n\n\n<p>Nachlassende Sehkraft k\u00f6nnte ein Grund daf\u00fcr sein. Aber auch eine nicht optimal angepasste Sehhilfe kann zum Hindernis werden.<\/p>\n\n\n\n<p>Daher haben wir den Anspruch, Ihre Brillen so anzufertigen, als w\u00e4ren es unsere eigenen.<\/p>\n\n\n\n<p>Damit Ihre Sehilfe zur Hilfe wird stehen wir Ihnen gerne zur Verf\u00fcgung!<\/p>\n\n\n\n<p>Ihr Team von AUGENOPTIK Vo\u00df<\/p>\n<\/div><\/div>\n\n\n\n<div class=\"wp-block-cover alignfull has-white-background-color is-style-default\" style=\"background-image:url(http:\/\/voss.lunik-marketing.de\/wp-content\/uploads\/2021\/01\/voss_innen.jpeg);background-position:17% 30%\"><div class=\"wp-block-cover__inner-container\">\n<p class=\"has-text-align-center has-large-font-size\"><\/p>\n<\/div><\/div>\n\n\n\n<div class=\"wp-block-columns alignfull is-style-default\">\n<div class=\"wp-block-column is-vertically-aligned-center\" style=\"flex-basis:33.34%\">\n<iframe src=\"https:\/\/www.google.com\/maps\/embed?pb=!4v1611137943098!6m8!1m7!1sCAoSLEFGMVFpcFBCdlMxYXhKakJrQ0o0OUVMOXJZQmpJZ0pXSUdnTjBVVktRdzda!2m2!1d51.1379191!2d7.211865899999999!3f3.5122559720289193!4f0.9508260657156882!5f0.4004304297745491\" style=\"border:0;\" allowfullscreen=\"\" aria-hidden=\"false\" tabindex=\"0\" width=\"600\" height=\"450\" frameborder=\"0\"><\/iframe>\n<\/div>\n\n\n\n<div class=\"wp-block-column\" style=\"flex-basis:33.34%\">\n<iframe src=\"https:\/\/www.google.com\/maps\/embed?pb=!4v1611137986284!6m8!1m7!1sCAoSLEFGMVFpcE1WcUJyZXJtUUlCWlpZNnh0a21KOVZkUFNyc2tLT1VYTlR6M1Rh!2m2!1d51.1380142!2d7.211682799999998!3f331.72800547671824!4f-6.984768045510492!5f0.4000000000000002\" style=\"border:0;\" allowfullscreen=\"\" aria-hidden=\"false\" tabindex=\"0\" width=\"600\" height=\"450\" frameborder=\"0\"><\/iframe>\n<\/div>\n\n\n\n<div class=\"wp-block-column\" style=\"flex-basis:33.33%\">\n<iframe src=\"https:\/\/www.google.com\/maps\/embed?pb=!4v1611138019772!6m8!1m7!1sCAoSLEFGMVFpcE1VVGhhXzdGM3h3M2J5dWZCNzRzLW1aLVhXcDh4VzRYZjBsQTJQ!2m2!1d51.1379368!2d7.2116788!3f108.30116598878728!4f-2.4031023268165654!5f0.4000000000000002\" style=\"border:0;\" allowfullscreen=\"\" aria-hidden=\"false\" tabindex=\"0\" width=\"600\" height=\"450\" frameborder=\"0\"><\/iframe>\n<\/div>\n<\/div>\n\n\n\n<p><\/p>\n","protected":false},"excerpt":{"rendered":"<p>Meisterwerkstatt seit 1998 &#8222;Solange besser m\u00f6glich ist, ist gut nicht gut genug.&#8220; Getreu diesem Motto arbeiten wir t\u00e4glich daran, Ihnen das Sehen zu erleichtern. Etwas Allt\u00e4gliches wird erschwert, wenn man sich zus\u00e4tzlich auf das Sehen konzentrieren muss. Nachlassende Sehkraft k\u00f6nnte ein Grund daf\u00fcr sein. Aber auch eine nicht optimal angepasste Sehhilfe kann zum Hindernis werden.&hellip; <a class=\"more-link\" href=\"http:\/\/www.augenoptik-voss-wermelskirchen.de\/\"><span class=\"screen-reader-text\">Augenoptik Vo\u00df<\/span> weiterlesen<\/a><\/p>\n","protected":false},"author":1,"featured_media":0,"parent":0,"menu_order":0,"comment_status":"closed","ping_status":"open","template":"","meta":[],"_links":{"self":[{"href":"http:\/\/www.augenoptik-voss-wermelskirchen.de\/index.php?rest_route=\/wp\/v2\/pages\/2"}],"collection":[{"href":"http:\/\/www.augenoptik-voss-wermelskirchen.de\/index.php?rest_route=\/wp\/v2\/pages"}],"about":[{"href":"http:\/\/www.augenoptik-voss-wermelskirchen.de\/index.php?rest_route=\/wp\/v2\/types\/page"}],"author":[{"embeddable":true,"href":"http:\/\/www.augenoptik-voss-wermelskirchen.de\/index.php?rest_route=\/wp\/v2\/users\/1"}],"replies":[{"embeddable":true,"href":"http:\/\/www.augenoptik-voss-wermelskirchen.de\/index.php?rest_route=%2Fwp%2Fv2%2Fcomments&post=2"}],"version-history":[{"count":15,"href":"http:\/\/www.augenoptik-voss-wermelskirchen.de\/index.php?rest_route=\/wp\/v2\/pages\/2\/revisions"}],"predecessor-version":[{"id":138,"href":"http:\/\/www.augenoptik-voss-wermelskirchen.de\/index.php?rest_route=\/wp\/v2\/pages\/2\/revisions\/138"}],"wp:attachment":[{"href":"http:\/\/www.augenoptik-voss-wermelskirchen.de\/index.php?rest_route=%2Fwp%2Fv2%2Fmedia&parent=2"}],"curies":[{"name":"wp","href":"https:\/\/api.w.org\/{rel}","templated":true}]}}