{"id":57,"date":"2020-04-20T22:00:05","date_gmt":"2020-04-20T20:00:05","guid":{"rendered":"http:\/\/voss.lunik-marketing.de\/?page_id=57"},"modified":"2021-01-04T11:56:45","modified_gmt":"2021-01-04T10:56:45","slug":"kontaktlinsen","status":"publish","type":"page","link":"http:\/\/www.augenoptik-voss-wermelskirchen.de\/?page_id=57","title":{"rendered":"Kontaktlinsen"},"content":{"rendered":"\n<div class=\"wp-block-group alignfull\"><div class=\"wp-block-group__inner-container\">\n<div class=\"wp-block-group alignwide\"><div class=\"wp-block-group__inner-container\">\n<div class=\"wp-block-columns alignfull are-vertically-aligned-bottom\">\n<div class=\"wp-block-column is-vertically-aligned-bottom\" style=\"flex-basis:100%\">\n<figure class=\"wp-block-gallery aligncenter columns-2\"><ul class=\"blocks-gallery-grid\"><li class=\"blocks-gallery-item\"><figure><img loading=\"lazy\" width=\"355\" height=\"142\" src=\"http:\/\/voss.lunik-marketing.de\/wp-content\/uploads\/2021\/01\/ciba.png\" alt=\"\" data-id=\"107\" data-full-url=\"http:\/\/voss.lunik-marketing.de\/wp-content\/uploads\/2021\/01\/ciba.png\" data-link=\"http:\/\/voss.lunik-marketing.de\/?attachment_id=107\" class=\"wp-image-107\" srcset=\"http:\/\/www.augenoptik-voss-wermelskirchen.de\/wp-content\/uploads\/2021\/01\/ciba.png 355w, http:\/\/www.augenoptik-voss-wermelskirchen.de\/wp-content\/uploads\/2021\/01\/ciba-300x120.png 300w\" sizes=\"(max-width: 355px) 100vw, 355px\" \/><\/figure><\/li><li class=\"blocks-gallery-item\"><figure><img loading=\"lazy\" width=\"1362\" height=\"345\" src=\"http:\/\/voss.lunik-marketing.de\/wp-content\/uploads\/2021\/01\/Allergan_Logo_Tm.png\" alt=\"\" data-id=\"106\" data-full-url=\"http:\/\/voss.lunik-marketing.de\/wp-content\/uploads\/2021\/01\/Allergan_Logo_Tm.png\" data-link=\"http:\/\/voss.lunik-marketing.de\/?attachment_id=106\" class=\"wp-image-106\" srcset=\"http:\/\/www.augenoptik-voss-wermelskirchen.de\/wp-content\/uploads\/2021\/01\/Allergan_Logo_Tm.png 1362w, http:\/\/www.augenoptik-voss-wermelskirchen.de\/wp-content\/uploads\/2021\/01\/Allergan_Logo_Tm-300x76.png 300w, http:\/\/www.augenoptik-voss-wermelskirchen.de\/wp-content\/uploads\/2021\/01\/Allergan_Logo_Tm-1024x259.png 1024w, http:\/\/www.augenoptik-voss-wermelskirchen.de\/wp-content\/uploads\/2021\/01\/Allergan_Logo_Tm-768x195.png 768w\" sizes=\"(max-width: 1362px) 100vw, 1362px\" \/><\/figure><\/li><li class=\"blocks-gallery-item\"><figure><img loading=\"lazy\" width=\"280\" height=\"74\" src=\"http:\/\/voss.lunik-marketing.de\/wp-content\/uploads\/2021\/01\/cooper.png\" alt=\"\" data-id=\"108\" data-full-url=\"http:\/\/voss.lunik-marketing.de\/wp-content\/uploads\/2021\/01\/cooper.png\" data-link=\"http:\/\/voss.lunik-marketing.de\/?attachment_id=108\" class=\"wp-image-108\"\/><\/figure><\/li><li class=\"blocks-gallery-item\"><figure><img loading=\"lazy\" width=\"326\" height=\"62\" src=\"http:\/\/voss.lunik-marketing.de\/wp-content\/uploads\/2021\/01\/menicon.png\" alt=\"\" data-id=\"109\" data-full-url=\"http:\/\/voss.lunik-marketing.de\/wp-content\/uploads\/2021\/01\/menicon.png\" data-link=\"http:\/\/voss.lunik-marketing.de\/?attachment_id=109\" class=\"wp-image-109\" srcset=\"http:\/\/www.augenoptik-voss-wermelskirchen.de\/wp-content\/uploads\/2021\/01\/menicon.png 326w, http:\/\/www.augenoptik-voss-wermelskirchen.de\/wp-content\/uploads\/2021\/01\/menicon-300x57.png 300w\" sizes=\"(max-width: 326px) 100vw, 326px\" \/><\/figure><\/li><\/ul><\/figure>\n<\/div>\n<\/div>\n<\/div><\/div>\n<\/div><\/div>\n\n\n\n<p><strong>Umfangreiche Erfahrung<\/strong><\/p>\n\n\n\n<p>Als Kontaktlinsen-Spezialisten mit jahrzehntelangen Anpasserfahrungen w\u00e4hlen wir herstellerunabh\u00e4ngig die f\u00fcr Sie optimalsten Kontaktlinsen aus. Unser Anspruch, Ihnen optimal geeignete Kontaktlinsen bieten zu k\u00f6nnen, setzt eine gro\u00dfe Fach- und Marktkenntnis voraus. Wir unterweisen Sie ausf\u00fchrlich zu dem Thema Kontaktlinsentragen.<\/p>\n\n\n\n<p><strong>Augen-Vermessungen<\/strong><\/p>\n\n\n\n<p>Wir begleiten Sie mit unserem Fachwissen und den modernsten Ger\u00e4ten von der ersten Stunde an. Damit sich Ihre Augen und Sie dauerhaft wohl f\u00fchlen, untersuchen wir Ihre Augen multimedial, u.a. durch Spaltlampen-Hornhaut-Mikrosopie, Hornhaut-Scan (<strong><em>Keratograph<\/em><\/strong>), Hornhaut-Topographie mit 22.000 3D-Messpunkten(<strong><em>Keratograph<\/em><\/strong>),  Tr\u00e4nenfilm-Kontrolle\/Analyse (<strong><em>Meibomographie<\/em><\/strong>), Netzhaut-Scan(Easy-Scan), Netzhautvorsorge-Untersuchung(<strong><em>Telemedizin<\/em><\/strong>). Mit Hilfe eines hochmodernen Netzhaut-Scanners \u00fcberwachen wir gesundheitsrelevante Eigenschaften Ihrer <strong><em>Netzhaut<\/em><\/strong>. Alle von uns ermittelten Werte werden archiviert und regelm\u00e4\u00dfig mit aktuellen Werten verglichen(Entwicklungs-Historie). So wird die Ver\u00e4nderung\/Entwicklung Ihrer Augen \u00fcber Jahre hinweg beobachtet.<\/p>\n\n\n\n<p><strong>Kontaktlinsen f\u00fcr jedes Alter<\/strong><\/p>\n\n\n\n<p>Mit innovativen Kontaktlinsen und unseren geschulten Team bieten wir L\u00f6sungen f\u00fcr Kontaktlinsentr\u00e4ger\/innen jeden Alters an. <\/p>\n\n\n\n<p>Kontaktlinsen zur<strong> Myopie-Kontrolle<\/strong> f\u00fcr Kinder und Jugendliche<\/p>\n\n\n\n<p>Kontaktlinsen f\u00fcr die <strong>Nacht<\/strong>            <strong><em>Orthokeratologie<\/em><\/strong><\/p>\n\n\n\n<p>Kontaktlinsen f\u00fcr den <strong>Alltag<\/strong><\/p>\n\n\n\n<p>Kontaktlinsen f\u00fcr den <strong>Beruf<\/strong><\/p>\n\n\n\n<p>Kontaktlinsen f\u00fcr den <strong>Sport<\/strong><\/p>\n\n\n\n<p> Kontaktlinsen f\u00fcr die <strong>Generation 45+<\/strong><\/p>\n\n\n\n<p><strong>Kontaktlinsentragen<\/strong><\/p>\n\n\n\n<h2>Schnell und sicher Kontaktlinsen auf- und absetzen<\/h2>\n\n\n\n<p>In unserem speziellen Kontaktlinsen-Trainingsraum k\u00f6nnen Sie ganz in Ruhe und unter fachkundiger Anleitung den Umgang mit Ihren pers\u00f6nlichen Kontaktlinsen \u00fcben.<\/p>\n\n\n\n<p>Unsere geschulten Kontaktlinsen-Trainerinen geben Ihnen die f\u00fcr Ihre Linsen notwendigen Tipps und zeigt Ihnen, wie Sie mit mit wenigen Handgriffen schnell und sicher Ihre Kontaktlinsen auf- und absetzen k\u00f6nnen.<\/p>\n","protected":false},"excerpt":{"rendered":"<p>Umfangreiche Erfahrung Als Kontaktlinsen-Spezialisten mit jahrzehntelangen Anpasserfahrungen w\u00e4hlen wir herstellerunabh\u00e4ngig die f\u00fcr Sie optimalsten Kontaktlinsen aus. Unser Anspruch, Ihnen optimal geeignete Kontaktlinsen bieten zu k\u00f6nnen, setzt eine gro\u00dfe Fach- und Marktkenntnis voraus. Wir unterweisen Sie ausf\u00fchrlich zu dem Thema Kontaktlinsentragen. Augen-Vermessungen Wir begleiten Sie mit unserem Fachwissen und den modernsten Ger\u00e4ten von der ersten Stunde&hellip; <a class=\"more-link\" href=\"http:\/\/www.augenoptik-voss-wermelskirchen.de\/?page_id=57\"><span class=\"screen-reader-text\">Kontaktlinsen<\/span> weiterlesen<\/a><\/p>\n","protected":false},"author":1,"featured_media":0,"parent":0,"menu_order":0,"comment_status":"closed","ping_status":"closed","template":"","meta":[],"_links":{"self":[{"href":"http:\/\/www.augenoptik-voss-wermelskirchen.de\/index.php?rest_route=\/wp\/v2\/pages\/57"}],"collection":[{"href":"http:\/\/www.augenoptik-voss-wermelskirchen.de\/index.php?rest_route=\/wp\/v2\/pages"}],"about":[{"href":"http:\/\/www.augenoptik-voss-wermelskirchen.de\/index.php?rest_route=\/wp\/v2\/types\/page"}],"author":[{"embeddable":true,"href":"http:\/\/www.augenoptik-voss-wermelskirchen.de\/index.php?rest_route=\/wp\/v2\/users\/1"}],"replies":[{"embeddable":true,"href":"http:\/\/www.augenoptik-voss-wermelskirchen.de\/index.php?rest_route=%2Fwp%2Fv2%2Fcomments&post=57"}],"version-history":[{"count":8,"href":"http:\/\/www.augenoptik-voss-wermelskirchen.de\/index.php?rest_route=\/wp\/v2\/pages\/57\/revisions"}],"predecessor-version":[{"id":125,"href":"http:\/\/www.augenoptik-voss-wermelskirchen.de\/index.php?rest_route=\/wp\/v2\/pages\/57\/revisions\/125"}],"wp:attachment":[{"href":"http:\/\/www.augenoptik-voss-wermelskirchen.de\/index.php?rest_route=%2Fwp%2Fv2%2Fmedia&parent=57"}],"curies":[{"name":"wp","href":"https:\/\/api.w.org\/{rel}","templated":true}]}}

<div class="wp-block-group alignfull"><div class="wp-block-group__inner-container">
<div class="wp-block-group alignwide"><div class="wp-block-group__inner-container">
<div class="wp-block-columns alignfull are-vertically-aligned-bottom">
<div class="wp-block-column is-vertically-aligned-bottom" style="flex-basis:100%">
<figure class="wp-block-gallery aligncenter columns-2"><ul class="blocks-gallery-grid"><li class="blocks-gallery-item"><figure><img loading="lazy" width="355" height="142" src="http://voss.lunik-marketing.de/wp-content/uploads/2021/01/ciba.png" alt="" data-id="107" data-full-url="http://voss.lunik-marketing.de/wp-content/uploads/2021/01/ciba.png" data-link="http://voss.lunik-marketing.de/?attachment_id=107" class="wp-image-107" srcset="http://www.augenoptik-voss-wermelskirchen.de/wp-content/uploads/2021/01/ciba.png 355w, http://www.augenoptik-voss-wermelskirchen.de/wp-content/uploads/2021/01/ciba-300x120.png 300w" sizes="(max-width: 355px) 100vw, 355px" /></figure></li><li class="blocks-gallery-item"><figure><img loading="lazy" width="1362" height="345" src="http://voss.lunik-marketing.de/wp-content/uploads/2021/01/Allergan_Logo_Tm.png" alt="" data-id="106" data-full-url="http://voss.lunik-marketing.de/wp-content/uploads/2021/01/Allergan_Logo_Tm.png" data-link="http://voss.lunik-marketing.de/?attachment_id=106" class="wp-image-106" srcset="http://www.augenoptik-voss-wermelskirchen.de/wp-content/uploads/2021/01/Allergan_Logo_Tm.png 1362w, http://www.augenoptik-voss-wermelskirchen.de/wp-content/uploads/2021/01/Allergan_Logo_Tm-300x76.png 300w, http://www.augenoptik-voss-wermelskirchen.de/wp-content/uploads/2021/01/Allergan_Logo_Tm-1024x259.png 1024w, http://www.augenoptik-voss-wermelskirchen.de/wp-content/uploads/2021/01/Allergan_Logo_Tm-768x195.png 768w" sizes="(max-width: 1362px) 100vw, 1362px" /></figure></li><li class="blocks-gallery-item"><figure><img loading="lazy" width="280" height="74" src="http://voss.lunik-marketing.de/wp-content/uploads/2021/01/cooper.png" alt="" data-id="108" data-full-url="http://voss.lunik-marketing.de/wp-content/uploads/2021/01/cooper.png" data-link="http://voss.lunik-marketing.de/?attachment_id=108" class="wp-image-108"/></figure></li><li class="blocks-gallery-item"><figure><img loading="lazy" width="326" height="62" src="http://voss.lunik-marketing.de/wp-content/uploads/2021/01/menicon.png" alt="" data-id="109" data-full-url="http://voss.lunik-marketing.de/wp-content/uploads/2021/01/menicon.png" data-link="http://voss.lunik-marketing.de/?attachment_id=109" class="wp-image-109" srcset="http://www.augenoptik-voss-wermelskirchen.de/wp-content/uploads/2021/01/menicon.png 326w, http://www.augenoptik-voss-wermelskirchen.de/wp-content/uploads/2021/01/menicon-300x57.png 300w" sizes="(max-width: 326px) 100vw, 326px" /></figure></li></ul></figure>
</div>
</div>
</div></div>
</div></div>



<p><strong>Umfangreiche Erfahrung</strong></p>



<p>Als Kontaktlinsen-Spezialisten mit jahrzehntelangen Anpasserfahrungen wählen wir herstellerunabhängig die für Sie optimalsten Kontaktlinsen aus. Unser Anspruch, Ihnen optimal geeignete Kontaktlinsen bieten zu können, setzt eine große Fach- und Marktkenntnis voraus. Wir unterweisen Sie ausführlich zu dem Thema Kontaktlinsentragen.</p>



<p><strong>Augen-Vermessungen</strong></p>



<p>Wir begleiten Sie mit unserem Fachwissen und den modernsten Geräten von der ersten Stunde an. Damit sich Ihre Augen und Sie dauerhaft wohl fühlen, untersuchen wir Ihre Augen multimedial, u.a. durch Spaltlampen-Hornhaut-Mikrosopie, Hornhaut-Scan (<strong><em>Keratograph</em></strong>), Hornhaut-Topographie mit 22.000 3D-Messpunkten(<strong><em>Keratograph</em></strong>),  Tränenfilm-Kontrolle/Analyse (<strong><em>Meibomographie</em></strong>), Netzhaut-Scan(Easy-Scan), Netzhautvorsorge-Untersuchung(<strong><em>Telemedizin</em></strong>). Mit Hilfe eines hochmodernen Netzhaut-Scanners überwachen wir gesundheitsrelevante Eigenschaften Ihrer <strong><em>Netzhaut</em></strong>. Alle von uns ermittelten Werte werden archiviert und regelmäßig mit aktuellen Werten verglichen(Entwicklungs-Historie). So wird die Veränderung/Entwicklung Ihrer Augen über Jahre hinweg beobachtet.</p>



<p><strong>Kontaktlinsen für jedes Alter</strong></p>



<p>Mit innovativen Kontaktlinsen und unseren geschulten Team bieten wir Lösungen für Kontaktlinsenträger/innen jeden Alters an. </p>



<p>Kontaktlinsen zur<strong> Myopie-Kontrolle</strong> für Kinder und Jugendliche</p>



<p>Kontaktlinsen für die <strong>Nacht</strong>            <strong><em>Orthokeratologie</em></strong></p>



<p>Kontaktlinsen für den <strong>Alltag</strong></p>



<p>Kontaktlinsen für den <strong>Beruf</strong></p>



<p>Kontaktlinsen für den <strong>Sport</strong></p>



<p> Kontaktlinsen für die <strong>Generation 45+</strong></p>



<p><strong>Kontaktlinsentragen</strong></p>



<h2>Schnell und sicher Kontaktlinsen auf- und absetzen</h2>



<p>In unserem speziellen Kontaktlinsen-Trainingsraum können Sie ganz in Ruhe und unter fachkundiger Anleitung den Umgang mit Ihren persönlichen Kontaktlinsen üben.</p>



<p>Unsere geschulten Kontaktlinsen-Trainerinen geben Ihnen die für Ihre Linsen notwendigen Tipps und zeigt Ihnen, wie Sie mit mit wenigen Handgriffen schnell und sicher Ihre Kontaktlinsen auf- und absetzen können.</p>

<p>Umfangreiche Erfahrung Als Kontaktlinsen-Spezialisten mit jahrzehntelangen Anpasserfahrungen wählen wir herstellerunabhängig die für Sie optimalsten Kontaktlinsen aus. Unser Anspruch, Ihnen optimal geeignete Kontaktlinsen bieten zu können, setzt eine große Fach- und Marktkenntnis voraus. Wir unterweisen Sie ausführlich zu dem Thema Kontaktlinsentragen. Augen-Vermessungen Wir begleiten Sie mit unserem Fachwissen und den modernsten Geräten von der ersten Stunde&hellip; <a class="more-link" href="http://www.augenoptik-voss-wermelskirchen.de/?page_id=57"><span class="screen-reader-text">Kontaktlinsen</span> weiterlesen</a></p>
